{"id":15782,"date":"2025-03-11T23:48:57","date_gmt":"2025-03-11T22:48:57","guid":{"rendered":"https:\/\/yescase.shop\/?post_type=product&#038;p=15782"},"modified":"2025-03-11T23:48:57","modified_gmt":"2025-03-11T22:48:57","slug":"support-telephone-pour-motos-et-velos","status":"publish","type":"product","link":"https:\/\/yescase.shop\/?product=support-telephone-pour-motos-et-velos","title":{"rendered":"Support T\u00e9l\u00e9phone pour Motos et V\u00e9los"},"content":{"rendered":"","protected":false},"excerpt":{"rendered":"<p class=\"p1\"><span class=\"s1\"><b>Robustesse et Stabilit\u00e9<\/b><\/span> : Con\u00e7u en mat\u00e9riau de haute qualit\u00e9, ce support assure une fixation solide et s\u00e9curis\u00e9e de votre smartphone sur votre moto ou v\u00e9lo, m\u00eame sur les routes les plus accident\u00e9es.<\/p>\n<p class=\"p1\"><span class=\"s1\"><b>Compatibilit\u00e9 Universelle<\/b><\/span> : Adapt\u00e9 \u00e0 une large gamme de t\u00e9l\u00e9phones, gr\u00e2ce \u00e0 son syst\u00e8me de fixation ajustable qui maintient fermement votre appareil sans risque de chute.<\/p>\n<p class=\"p1\"><span class=\"s1\"><b>Rotation 360\u00b0<\/b><\/span> : Profitez d\u2019un angle de vue optimal avec sa rotation \u00e0 360\u00b0, id\u00e9ale pour utiliser le GPS ou passer des appels en mode mains libres en toute s\u00e9curit\u00e9.<\/p>\n<p class=\"p1\"><span class=\"s1\"><b>Installation Facile<\/b><\/span> : Fixation rapide et sans outils sur le guidon, avec un syst\u00e8me de serrage robuste qui garantit une parfaite adh\u00e9rence.<\/p>\n<p class=\"p1\"><span class=\"s1\"><b>Design Sportif et Moderne<\/b><\/span> : Un look agressif et ergonomique avec des finitions en noir et rouge qui apportent une touche de style \u00e0 votre moto.<\/p>\n","protected":false},"featured_media":15783,"template":"","meta":[],"product_brand":[],"product_cat":[86],"product_tag":[],"class_list":{"0":"post-15782","1":"product","2":"type-product","3":"status-publish","4":"has-post-thumbnail","6":"product_cat-accessoires","8":"first","9":"instock","10":"shipping-taxable","11":"purchasable","12":"product-type-simple"},"yoast_head":"<!-- This site is optimized with the Yoast SEO plugin v26.3 - https:\/\/yoast.com\/wordpress\/plugins\/seo\/ -->\n<title>Support T\u00e9l\u00e9phone pour Motos et V\u00e9los - YESCASE<\/title>\n<meta name=\"robots\" content=\"index, follow, max-snippet:-1, max-image-preview:large, max-video-preview:-1\" \/>\n<link rel=\"canonical\" href=\"https:\/\/yescase.shop\/?product=support-telephone-pour-motos-et-velos\" \/>\n<meta property=\"og:locale\" content=\"fr_FR\" \/>\n<meta property=\"og:type\" content=\"article\" \/>\n<meta property=\"og:title\" content=\"Support T\u00e9l\u00e9phone pour Motos et V\u00e9los - YESCASE\" \/>\n<meta property=\"og:description\" content=\"Robustesse et Stabilit\u00e9 : Con\u00e7u en mat\u00e9riau de haute qualit\u00e9, ce support assure une fixation solide et s\u00e9curis\u00e9e de votre smartphone sur votre moto ou v\u00e9lo, m\u00eame sur les routes les plus accident\u00e9es. Compatibilit\u00e9 Universelle : Adapt\u00e9 \u00e0 une large gamme de t\u00e9l\u00e9phones, gr\u00e2ce \u00e0 son syst\u00e8me de fixation ajustable qui maintient fermement votre appareil sans risque de chute. Rotation 360\u00b0 : Profitez d\u2019un angle de vue optimal avec sa rotation \u00e0 360\u00b0, id\u00e9ale pour utiliser le GPS ou passer des appels en mode mains libres en toute s\u00e9curit\u00e9. Installation Facile : Fixation rapide et sans outils sur le guidon, avec un syst\u00e8me de serrage robuste qui garantit une parfaite adh\u00e9rence. Design Sportif et Moderne : Un look agressif et ergonomique avec des finitions en noir et rouge qui apportent une touche de style \u00e0 votre moto.\" \/>\n<meta property=\"og:url\" content=\"https:\/\/yescase.shop\/?product=support-telephone-pour-motos-et-velos\" \/>\n<meta property=\"og:site_name\" content=\"YESCASE\" \/>\n<meta property=\"og:image\" content=\"https:\/\/yescase.shop\/wp-content\/uploads\/2025\/03\/IMG_2617.jpg\" \/>\n\t<meta property=\"og:image:width\" content=\"800\" \/>\n\t<meta property=\"og:image:height\" content=\"800\" \/>\n\t<meta property=\"og:image:type\" content=\"image\/jpeg\" \/>\n<meta name=\"twitter:card\" content=\"summary_large_image\" \/>\n<script type=\"application\/ld+json\" class=\"yoast-schema-graph\">{\"@context\":\"https:\/\/schema.org\",\"@graph\":[{\"@type\":\"WebPage\",\"@id\":\"https:\/\/yescase.shop\/?product=support-telephone-pour-motos-et-velos\",\"url\":\"https:\/\/yescase.shop\/?product=support-telephone-pour-motos-et-velos\",\"name\":\"Support T\u00e9l\u00e9phone pour Motos et V\u00e9los - YESCASE\",\"isPartOf\":{\"@id\":\"https:\/\/yescase.shop\/#website\"},\"primaryImageOfPage\":{\"@id\":\"https:\/\/yescase.shop\/?product=support-telephone-pour-motos-et-velos#primaryimage\"},\"image\":{\"@id\":\"https:\/\/yescase.shop\/?product=support-telephone-pour-motos-et-velos#primaryimage\"},\"thumbnailUrl\":\"https:\/\/yescase.shop\/wp-content\/uploads\/2025\/03\/IMG_2617.jpg\",\"datePublished\":\"2025-03-11T22:48:57+00:00\",\"breadcrumb\":{\"@id\":\"https:\/\/yescase.shop\/?product=support-telephone-pour-motos-et-velos#breadcrumb\"},\"inLanguage\":\"fr-FR\",\"potentialAction\":[{\"@type\":\"ReadAction\",\"target\":[\"https:\/\/yescase.shop\/?product=support-telephone-pour-motos-et-velos\"]}]},{\"@type\":\"ImageObject\",\"inLanguage\":\"fr-FR\",\"@id\":\"https:\/\/yescase.shop\/?product=support-telephone-pour-motos-et-velos#primaryimage\",\"url\":\"https:\/\/yescase.shop\/wp-content\/uploads\/2025\/03\/IMG_2617.jpg\",\"contentUrl\":\"https:\/\/yescase.shop\/wp-content\/uploads\/2025\/03\/IMG_2617.jpg\",\"width\":800,\"height\":800},{\"@type\":\"BreadcrumbList\",\"@id\":\"https:\/\/yescase.shop\/?product=support-telephone-pour-motos-et-velos#breadcrumb\",\"itemListElement\":[{\"@type\":\"ListItem\",\"position\":1,\"name\":\"Accueil\",\"item\":\"https:\/\/yescase.shop\/\"},{\"@type\":\"ListItem\",\"position\":2,\"name\":\"Boutique\",\"item\":\"https:\/\/yescase.shop\/?page_id=9\"},{\"@type\":\"ListItem\",\"position\":3,\"name\":\"Support T\u00e9l\u00e9phone pour Motos et V\u00e9los\"}]},{\"@type\":\"WebSite\",\"@id\":\"https:\/\/yescase.shop\/#website\",\"url\":\"https:\/\/yescase.shop\/\",\"name\":\"FRA\u00ceCHEUR MARINE\",\"description\":\"Site de vente de coques et d\u2019accessoires pour t\u00e9l\u00e9phone.\",\"publisher\":{\"@id\":\"https:\/\/yescase.shop\/#organization\"},\"potentialAction\":[{\"@type\":\"SearchAction\",\"target\":{\"@type\":\"EntryPoint\",\"urlTemplate\":\"https:\/\/yescase.shop\/?s={search_term_string}\"},\"query-input\":{\"@type\":\"PropertyValueSpecification\",\"valueRequired\":true,\"valueName\":\"search_term_string\"}}],\"inLanguage\":\"fr-FR\"},{\"@type\":\"Organization\",\"@id\":\"https:\/\/yescase.shop\/#organization\",\"name\":\"FRA\u00ceCHEUR MARINE\",\"url\":\"https:\/\/yescase.shop\/\",\"logo\":{\"@type\":\"ImageObject\",\"inLanguage\":\"fr-FR\",\"@id\":\"https:\/\/yescase.shop\/#\/schema\/logo\/image\/\",\"url\":\"https:\/\/yescase.shop\/wp-content\/uploads\/2023\/12\/cropped-Plan-de-travail-1.png\",\"contentUrl\":\"https:\/\/yescase.shop\/wp-content\/uploads\/2023\/12\/cropped-Plan-de-travail-1.png\",\"width\":512,\"height\":512,\"caption\":\"FRA\u00ceCHEUR MARINE\"},\"image\":{\"@id\":\"https:\/\/yescase.shop\/#\/schema\/logo\/image\/\"}}]}<\/script>\n<!-- \/ Yoast SEO plugin. -->","yoast_head_json":{"title":"Support T\u00e9l\u00e9phone pour Motos et V\u00e9los - YESCASE","robots":{"index":"index","follow":"follow","max-snippet":"max-snippet:-1","max-image-preview":"max-image-preview:large","max-video-preview":"max-video-preview:-1"},"canonical":"https:\/\/yescase.shop\/?product=support-telephone-pour-motos-et-velos","og_locale":"fr_FR","og_type":"article","og_title":"Support T\u00e9l\u00e9phone pour Motos et V\u00e9los - YESCASE","og_description":"Robustesse et Stabilit\u00e9 : Con\u00e7u en mat\u00e9riau de haute qualit\u00e9, ce support assure une fixation solide et s\u00e9curis\u00e9e de votre smartphone sur votre moto ou v\u00e9lo, m\u00eame sur les routes les plus accident\u00e9es. Compatibilit\u00e9 Universelle : Adapt\u00e9 \u00e0 une large gamme de t\u00e9l\u00e9phones, gr\u00e2ce \u00e0 son syst\u00e8me de fixation ajustable qui maintient fermement votre appareil sans risque de chute. Rotation 360\u00b0 : Profitez d\u2019un angle de vue optimal avec sa rotation \u00e0 360\u00b0, id\u00e9ale pour utiliser le GPS ou passer des appels en mode mains libres en toute s\u00e9curit\u00e9. Installation Facile : Fixation rapide et sans outils sur le guidon, avec un syst\u00e8me de serrage robuste qui garantit une parfaite adh\u00e9rence. Design Sportif et Moderne : Un look agressif et ergonomique avec des finitions en noir et rouge qui apportent une touche de style \u00e0 votre moto.","og_url":"https:\/\/yescase.shop\/?product=support-telephone-pour-motos-et-velos","og_site_name":"YESCASE","og_image":[{"width":800,"height":800,"url":"https:\/\/yescase.shop\/wp-content\/uploads\/2025\/03\/IMG_2617.jpg","type":"image\/jpeg"}],"twitter_card":"summary_large_image","schema":{"@context":"https:\/\/schema.org","@graph":[{"@type":"WebPage","@id":"https:\/\/yescase.shop\/?product=support-telephone-pour-motos-et-velos","url":"https:\/\/yescase.shop\/?product=support-telephone-pour-motos-et-velos","name":"Support T\u00e9l\u00e9phone pour Motos et V\u00e9los - YESCASE","isPartOf":{"@id":"https:\/\/yescase.shop\/#website"},"primaryImageOfPage":{"@id":"https:\/\/yescase.shop\/?product=support-telephone-pour-motos-et-velos#primaryimage"},"image":{"@id":"https:\/\/yescase.shop\/?product=support-telephone-pour-motos-et-velos#primaryimage"},"thumbnailUrl":"https:\/\/yescase.shop\/wp-content\/uploads\/2025\/03\/IMG_2617.jpg","datePublished":"2025-03-11T22:48:57+00:00","breadcrumb":{"@id":"https:\/\/yescase.shop\/?product=support-telephone-pour-motos-et-velos#breadcrumb"},"inLanguage":"fr-FR","potentialAction":[{"@type":"ReadAction","target":["https:\/\/yescase.shop\/?product=support-telephone-pour-motos-et-velos"]}]},{"@type":"ImageObject","inLanguage":"fr-FR","@id":"https:\/\/yescase.shop\/?product=support-telephone-pour-motos-et-velos#primaryimage","url":"https:\/\/yescase.shop\/wp-content\/uploads\/2025\/03\/IMG_2617.jpg","contentUrl":"https:\/\/yescase.shop\/wp-content\/uploads\/2025\/03\/IMG_2617.jpg","width":800,"height":800},{"@type":"BreadcrumbList","@id":"https:\/\/yescase.shop\/?product=support-telephone-pour-motos-et-velos#breadcrumb","itemListElement":[{"@type":"ListItem","position":1,"name":"Accueil","item":"https:\/\/yescase.shop\/"},{"@type":"ListItem","position":2,"name":"Boutique","item":"https:\/\/yescase.shop\/?page_id=9"},{"@type":"ListItem","position":3,"name":"Support T\u00e9l\u00e9phone pour Motos et V\u00e9los"}]},{"@type":"WebSite","@id":"https:\/\/yescase.shop\/#website","url":"https:\/\/yescase.shop\/","name":"FRA\u00ceCHEUR MARINE","description":"Site de vente de coques et d\u2019accessoires pour t\u00e9l\u00e9phone.","publisher":{"@id":"https:\/\/yescase.shop\/#organization"},"potentialAction":[{"@type":"SearchAction","target":{"@type":"EntryPoint","urlTemplate":"https:\/\/yescase.shop\/?s={search_term_string}"},"query-input":{"@type":"PropertyValueSpecification","valueRequired":true,"valueName":"search_term_string"}}],"inLanguage":"fr-FR"},{"@type":"Organization","@id":"https:\/\/yescase.shop\/#organization","name":"FRA\u00ceCHEUR MARINE","url":"https:\/\/yescase.shop\/","logo":{"@type":"ImageObject","inLanguage":"fr-FR","@id":"https:\/\/yescase.shop\/#\/schema\/logo\/image\/","url":"https:\/\/yescase.shop\/wp-content\/uploads\/2023\/12\/cropped-Plan-de-travail-1.png","contentUrl":"https:\/\/yescase.shop\/wp-content\/uploads\/2023\/12\/cropped-Plan-de-travail-1.png","width":512,"height":512,"caption":"FRA\u00ceCHEUR MARINE"},"image":{"@id":"https:\/\/yescase.shop\/#\/schema\/logo\/image\/"}}]}},"jetpack_sharing_enabled":true,"_links":{"self":[{"href":"https:\/\/yescase.shop\/index.php?rest_route=\/wp\/v2\/product\/15782","targetHints":{"allow":["GET"]}}],"collection":[{"href":"https:\/\/yescase.shop\/index.php?rest_route=\/wp\/v2\/product"}],"about":[{"href":"https:\/\/yescase.shop\/index.php?rest_route=\/wp\/v2\/types\/product"}],"version-history":[{"count":1,"href":"https:\/\/yescase.shop\/index.php?rest_route=\/wp\/v2\/product\/15782\/revisions"}],"predecessor-version":[{"id":15784,"href":"https:\/\/yescase.shop\/index.php?rest_route=\/wp\/v2\/product\/15782\/revisions\/15784"}],"wp:featuredmedia":[{"embeddable":true,"href":"https:\/\/yescase.shop\/index.php?rest_route=\/wp\/v2\/media\/15783"}],"wp:attachment":[{"href":"https:\/\/yescase.shop\/index.php?rest_route=%2Fwp%2Fv2%2Fmedia&parent=15782"}],"wp:term":[{"taxonomy":"product_brand","embeddable":true,"href":"https:\/\/yescase.shop\/index.php?rest_route=%2Fwp%2Fv2%2Fproduct_brand&post=15782"},{"taxonomy":"product_cat","embeddable":true,"href":"https:\/\/yescase.shop\/index.php?rest_route=%2Fwp%2Fv2%2Fproduct_cat&post=15782"},{"taxonomy":"product_tag","embeddable":true,"href":"https:\/\/yescase.shop\/index.php?rest_route=%2Fwp%2Fv2%2Fproduct_tag&post=15782"}],"curies":[{"name":"wp","href":"https:\/\/api.w.org\/{rel}","templated":true}]}}